s the tens digit of r?
8
Let c(h) = h**2 + 6*h + 7. Let p be c(-5). Suppose -2*r = -2*v + 30, v + 5*r = 13 + p. Suppose u - v = -5*n + 4*u, 5*n + 2*u = 40. What is the units digit of n?
6
Let v(p) = 7*p + 1. Let f(t) = t**2 + 13*t + 3. Let x(u) = 4*f(u) - 7*v(u). What is the units digit of x(-3)?
2
Suppose -w + 6118 + 2624 = 4*t, -5*t = 4*w - 10933. What is the units digit of t?
5
Suppose -8*b + 194 = 34. Let c = 3 - 2. Let z = b + c. What is the tens digit of z?
2
Suppose 0 = 7*i - 9*i - 34. Let a = 15 + i. What is the tens digit of (1 - 2)*34/a?
1
Suppose -4*n + 3 = d, 4*n = 2*d + 3*d + 33. Let p(s) = 68*s + 6. What is the tens digit of p(n)?
4
What is the units digit of (-2)/2 + -8*2007/(-18)?
1
Suppose 0 = 29*r - 25*r - 3696. What is the units digit of r?
4
Suppose -3*z - v + 300 = -4*v, -4*v = 3*z - 265. Suppose 7*u = 2*u + z. What is the units digit of u?
9
Suppose -3*g - 81 = -3*h - 18, 3*h - 48 = -2*g. Suppose -h*n - 39 = -19*n. What is the tens digit of n?
3
Let z = 1 + 4. Suppose k - 351 = -4*a, -83 = -3*a + 2*a - z*k. What is the units digit of a?
8
Let b = -125 + 70. Let u = b - -92. What is the units digit of u?
7
Suppose 1368 = 3*a - 984. Suppose 0*f - a = -7*f. What is the tens digit of f?
1
Let x = -2019 - -3187. What is the tens digit of x?
6
Let w(u) = -u**3 + 6*u**2 + 2*u - 7. Let y be w(6). Suppose 0 = -4*b + 37 - y. Suppose c - b = -0*c - o, -3*o = -c. What is the units digit of c?
6
Suppose -5*s + 12 = 2. Let m(j) = 7*j**2 - s*j**2 - 1 - j**3 + 4*j - 4 - 3*j. What is the tens digit of m(4)?
1
Suppose 25*m = 30*m - 30. Let c(g) = 9*g + 7. What is the units digit of c(m)?
1
Let f = -363 + 610. What is the hundreds digit of f?
2
Let c be 4/(-10) - 1240/(-100). What is the units digit of (6/c)/((-1)/(-206))?
3
Suppose 10 = 3*f + 4. Suppose t - 570 = -4*v + 4*t, -4*v + f*t = -568. What is the hundreds digit of v?
1
Suppose -5*n - 20 = 0, 454 = c + 3*n - 240. What is the units digit of c?
6
Suppose -5*h = -3*j + 628, 62 - 640 = -3*j - 5*h. What is the hundreds digit of j?
2
Let s be 20/(-1)*(-368)/10. Suppose 2*i = 6*i - s. What is the hundreds digit of i?
1
Let l(m) = 4*m**2 + 0*m**2 + 2 + 3*m + 2*m**2. What is the units digit of l(-3)?
7
Let f(g) be the third derivative of g**5/15 - 5*g**4/2 - 17*g**3/6 - 45*g**2 - 1. What is the hundreds digit of f(18)?
1
Let l = 56 + 34. What is the tens digit of 5616/l + 3/5?
6
Suppose -6*c = 4*s - 11*c - 4175, -4*c - 12 = 0. What is the units digit of s?
0
Let b(y) = -y**2 - 3*y + 4. Let h be b(-3). Suppose -h*o = -9*o. Suppose o = -l + 5*l - t - 79, 0 = 2*l + t - 47. What is the tens digit of l?
2
Suppose -4*z = -z + 12. What is the tens digit of (-124)/(-3) - z/(-12)?
4
Suppose -7*i = -356 - 596. Let b be 3 + ((-339)/(-3))/1. Suppose -v - 3*f = 3*v - b, 2*f + i = 4*v. What is the units digit of v?
2
Let d(t) = -t**2 + 4*t - 1. Let p be d(-4). Let a be 2/12 - p/18. What is the units digit of a/2*15/3?
5
Suppose -4 = 4*z, 5*l + 5*z + 196 - 36 = 0. Let n = -29 - l. What is the units digit of n?
2
Suppose 2*g - 5*x + 1 = 4*g, 5*x - 7 = -4*g. Suppose -t + 98 = g*m - 23, 0 = t + 5. What is the tens digit of m?
4
Let t be (3 - 0) + -3*(-2)/6. Suppose -4*z + 268 = t*y, -2*y = -5*y - 5*z + 193. What is the tens digit of y?
7
Suppose -3*j + 4*n - 116 - 30 = 0, 4*j + 202 = -2*n. Let m = j + 86. What is the tens digit of m?
3
Let z be 3/(-2)*(-12)/9. What is the tens digit of 12 - 3/z*-2?
1
Let t(d) = -190*d + 1. Let q be t(-4). What is the units digit of q/8 + (-5)/40?
5
Let o be (-2 + 7 + -4)*-251. Let i = -159 - o. What is the units digit of i?
2
Let a = 10279 + -6586. What is the units digit of a?
3
Let b = -52 - -169. Suppose 3*w - 180 = -4*k, 4*k - 39 - b = 3*w. What is the tens digit of k?
4
Suppose 5*i - 29 = 2*c, 0 = 2*i + 3*c - 4. Suppose -5*l - 4*f = -191, 0 = -i*l - 0*f + 3*f + 163. What is the units digit of l?
5
Suppose 42 = 2*o - 3*k, 5*k - 38 - 17 = -5*o. Suppose -i = -5*y - 10, 2*i - 5*y - o = -0*i. Let p(n) = n**2 + n - 7. What is the tens digit of p(i)?
2
Suppose 3*c + c = -4*u - 452, 0 = -2*c + u - 220. What is the units digit of (3/(-1) - -2)*c?
1
Let l(i) = i**3 - 9*i**2 + 48*i - 29. What is the thousands digit of l(14)?
1
Suppose -1474 = -4*n + 4462. What is the thousands digit of n?
1
Suppose 0 = 456*o - 457*o + 48. What is the tens digit of o?
4
Let f be 6/(-2 + 3) - 0. Suppose 0 = -0*q + 2*q - f. What is the units digit of q?
3
Let b(j) = 4*j**2 + 6*j - 35. What is the hundreds digit of b(11)?
5
Suppose -4*t = -5*x, -x - t = -2*t. Suppose 2*w = 5*m + 230, -w - 2*m + 18 + 115 = x. What is the hundreds digit of w?
1
Suppose -4*q - 7 = 9. Let r(o) = 2*o + 4. Let j be r(q). What is the tens digit of -2 + 1*(75 + j)?
6
Let a(z) = 2*z - 2*z**2 + 7*z**2 + 1 - 4*z. Let t be a(1). Suppose 157 = 5*r - 3*v, 0*r - t*v = 4*r - 100. What is the units digit of r?
9
Let t(i) = 5*i - 11. Let n be t(8). Suppose -v - 192 = -4*v. Suppose 5*c - 3*y = v + 13, c - 4*y = n. What is the units digit of c?
3
Let d(y) = -47*y + 8. Let t be d(-5). Suppose 2*k = -0*k - 4*p + 162, 5*p + t = 3*k. What is the units digit of k?
1
Let u(p) = 4*p**3 + 15*p**2 + 3*p - 6. Let k(v) = 7*v**3 + 29*v**2 + 5*v - 13. Let x(g) = 3*k(g) - 5*u(g). What is the hundreds digit of x(-7)?
2
Let a(t) = 2*t**3 - 11*t**2 + 3*t + 19. Suppose 4*g - 18 = -2*h, -2*g = 4*h + g - 31. What is the units digit of a(h)?
7
Suppose 1706 = 7*d - 4027. What is the units digit of (-4)/(-6)*(-3 + d/6)?
9
What is the tens digit of 2899/5 - 80/100?
7
Let j(k) = 3*k**2 + 6*k - 13. Let u(v) = 5*v**2 + 9*v - 20. Suppose -3*r = -7 + 31. Let i(s) = r*j(s) + 5*u(s). What is the units digit of i(3)?
4
Suppose 0 = 18*y - 17*y - 480. What is the tens digit of y?
8
Let k = 1899 + -1196. What is the tens digit of k?
0
Let j = 853 - 517. What is the tens digit of j?
3
Suppose -336 = -8*t - 0*t. Let a = t + -20. What is the units digit of a?
2
Suppose -4*q + 214 = -58. What is the units digit of q?
8
Let u(q) = q**2 - 5*q - 19. Let x be (91/28)/(1/4). What is the tens digit of u(x)?
8
Suppose 2*c = 5*m - 0*c - 61, -c + 15 = m. What is the units digit of m?
3
Let l = -819 - -1857. What is the tens digit of l?
3
What is the tens digit of 918/108*(2 - (-30)/1)?
7
Let q(b) = 20*b**2 - 97*b + 6. What is the tens digit of q(-5)?
9
Let b = 527 + -130. What is the hundreds digit of b?
3
Suppose 2*c + 2*y = -3 - 1, 2*y = -5*c - 19. Let i = -132 - -133. What is the units digit of i + 0 - -2 - c?
8
Let h(w) = -2*w**3 - 3*w**2 - w - 2. Let m be h(-2). Suppose 5*n + m*d - 202 = 0, -2*n = n + d - 124. What is the units digit of n?
2
Let u = -1 + 9. Suppose -3*x + u = x. Suppose -x*s - a = 8 - 49, -2*s + 2*a + 44 = 0. What is the tens digit of s?
2
Suppose -120*x + 126*x = 2700. What is the hundreds digit of x?
4
Let n = 849 + -226. What is the tens digit of n?
2
Let t(q) be the second derivative of 3*q**5/20 - q**4/12 + 2*q**3/3 - 5*q**2/2 - 18*q. What is the tens digit of t(2)?
2
Let p(r) = -r**3 - 16*r**2 - 12. Let t be (68/16)/(4/(-16)). What is the units digit of p(t)?
7
Let c be 464/(-56) + 8 - 1984/14. Let o = 152 + c. What is the units digit of o?
0
Let d = 244 + 81. What is the tens digit of d?
2
Let z = 92 - -43. What is the hundreds digit of z?
1
Let a(t) = -21*t - 34. Let w be a(-15). Let h = w + -165. What is the hundreds digit of h?
1
Let s(w) = 19*w + 4. Suppose -8*o + 24 = -2*o. Let q be s(o). Let c = 121 - q. What is the units digit of c?
1
Let d(n) = -n**2 + 122*n + 13. What is the hundreds digit of d(21)?
1
Suppose -2*o + 201 = -99. Suppose o = 4*p - 2*u, 0 = -p + 2*u - u + 35. What is the tens digit of p*(1 - 3 - -3)?
4
Suppose 0 = 8*r - 17 - 95. What is the tens digit of (-8)/28 + 3014/r?
1
Suppose a + 22 = 3*a. Suppose a = 3*p + 2. Suppose 69 + 58 = p*d - v, -d + 3*v + 45 = 0. What is the units digit of d?
2
Let g = 3270 - -473. What is the units digit of g?
3
Suppose -18*n + 7192 = -2258. What is the units digit of n?
5
Let y(c) = c. Let f be y(4). Suppose 2*p = 2*h + 78 + 94, 4*p - 312 = -f*h. What is the tens digit of p?
8
Suppose 0*j + j + h = 11, 0 = -2*h + 4. Suppose 6 = 2*a - l + 7, -5*a - 4*l = j. What is the tens digit of 265/5 - 2*a?
5
Let g(p) = -p**3 - p + 1. Let a(w) = 6*w**3 - w**2 - w - 1. Let z(f) = a(f) + 5*g(f). Let n be z(5). 